c(m) = 1673*m**3 + 2*m**2 - 2*m + 2. Let y be c(1). What is the highest common divisor of y and 75?
25
Suppose 2*s + d - 1182 = -4*d, 5*d = -4*s + 2374. Suppose -177 = -b - 4*o - 54, 5*b - s = -o. What is the greatest common factor of b and 21?
7
Suppose 892*f - 828*f - 1792 = 0. Let c = -93 - -212. What is the greatest common factor of c and f?
7
Let o = -9797 + 10282. Calculate the greatest common divisor of 1552 and o.
97
Suppose -14*t + 15*t - 18 = 2*r, 9 = -3*r. Let f be (-1050)/t*12/(-21). Calculate the highest common divisor of f and 550.
50
Let o be (10/((-240)/232))/((-2)/36). Suppose -o = -13*q + 372. What is the highest common factor of q and 112?
14
Suppose 4*z = -5*w + 176, 37*w - 40*w + z + 126 = 0. Suppose 2*b + 2*b - 360 = 0. Calculate the greatest common factor of b and w.
10
Suppose 0 = -87587*d + 87601*d - 22540. What is the greatest common factor of 2070 and d?
230
Let w = 2533 - 2191. Calculate the greatest common factor of 36 and w.
18
Let k(b) = -62*b**3 - 1. Let s be k(-1). Suppose -7*z + 21 = 0, 0 = -89*n + 88*n + 3*z + 967. Calculate the greatest common factor of s and n.
61
Suppose 0 = q + 6*q + 3*q - 10990. Calculate the greatest common factor of 21 and q.
7
Suppose -41*g = -29*g + 12*g - 5928. Calculate the highest common divisor of 221 and g.
13
Suppose -683*g = -686*g + 798. What is the greatest common divisor of 722 and g?
38
Let x = -104 + 68. Let r = -22 + 15. Let i = r - x. Calculate the greatest common factor of i and 29.
29
Let f = -34 - -14. Suppose -1175 + 1055 = 8*m. Let i = m - f. Calculate the greatest common divisor of i and 25.
5
Let i(f) = 43*f + 8. Let k be i(8). Let o(g) = -g**3 + 20*g**2 - 49*g - 176. Let r be o(16). Calculate the greatest common factor of r and k.
32
Let a be (-10)/(-8) - (-15841)/28. Let v = a - 369. Let n be 1/(2 + 70/(-36)). Calculate the highest common divisor of v and n.
18
Suppose 70*i - 67*i = 5*h - 617, -h - 4*i = -105. What is the greatest common divisor of 9196 and h?
121
Let c = 213 + -135. Let q(g) = 15*g - 85. Let k be q(10). Calculate the greatest common factor of k and c.
13
Let o be (-24)/(-40) - (-13926)/165. What is the greatest common factor of 289 and o?
17
Suppose 2*u - 12 = g, 5*u + 16*g - 32 = 19*g. What is the greatest common divisor of 932 and u?
4
Suppose -4*f + a + 53 + 5 = 0, 4*a = 3*f - 37. Calculate the highest common divisor of f and 106.
1
Let u(s) = 33*s + 2064. Let k be u(28). What is the highest common factor of k and 18?
18
Let w(z) = -z**3 - 53*z**2 + 3*z + 393. Let u be w(-53). Calculate the greatest common divisor of 1521 and u.
117
Suppose 14*b - 8030 - 22000 = 0. What is the greatest common divisor of 1144 and b?
143
Suppose -5*c - 272 + 1612 = -5*m, -802 = -3*c + 2*m. Calculate the greatest common factor of c and 4.
2
Let f(x) = -112*x**2 - 461*x + 1. Let o be f(-4). What is the greatest common factor of o and 4187?
53
Let i(k) = 5*k + 72. Let z be i(-14). Suppose -56 = z*w - 208. What is the highest common divisor of 190 and w?
38
Let o be 2*(-5 + (-306)/(-2)). Calculate the highest common factor of o and 40.
8
Let b = 982 - 566. Let y = b - 87. Let t = y + -169. What is the greatest common divisor of t and 20?
20
Let r be (13/(260/16))/((-4)/(-1270)). Suppose 0 = 3*g + 6, -2*s - 22 = -g - r. Suppose -20*h + s = -15*h. Calculate the greatest common divisor of h and 46.
23
Let g = 1714 - 1621. What is the highest common factor of 682 and g?
31
Suppose -9463*m = -9467*m - p + 60888, 0 = m - 5*p - 15243. What is the highest common divisor of 52 and m?
13
Suppose 0 = 3*g + c + 754, -276 + 26 = g - c. Let m = -108 - g. What is the highest common factor of 13 and m?
13
Let i(c) = -8 + 4*c**2 - 3*c**2 - c**3 + 2*c**2 - c + 4*c. Let o be i(2). Let k be 45/o - (27/6)/9. Calculate the greatest common factor of 22 and k.
22
Let m = 3960 + -2498. Calculate the greatest common factor of m and 85.
17
Let b(l) = 31*l + 203. Let h be b(-5). Calculate the highest common factor of h and 256.
16
Let i(r) = 6*r**2 - 36*r + 4. Let q be i(6). Let s = 132 - 50. Let a = s - 58. What is the highest common factor of q and a?
4
Suppose 4*p + 1738 = -102. Let k = p + 532. Calculate the greatest common divisor of k and 54.
18
Let k be (-1)/(88/(-48)) + 390/11. Let b be 0 + -46*(4 + k/(-8)). Calculate the highest common factor of 115 and b.
23
Let m = -4 - -7. Let i be 13 + m*1/3. Let h be ((-30)/20)/(3/(-42)). Calculate the highest common factor of i and h.
7
Suppose 26*n - 9752 + 3200 = 0. What is the highest common factor of n and 7?
7
Let d be 352/(((-7)/(119/(-17)))/1). Let t(x) = -x - 1. Let f be t(-3). Suppose u = f*u - 44. What is the greatest common factor of d and u?
44
Let l(t) = -t**3 + 4*t**2 + 10*t - 12. Let c be l(5). Calculate the greatest common divisor of c and 3653.
13
Suppose -4*x + 350 = x. Suppose 86*u - x*u - 48 = 0. Suppose q - 4*g = 13, 0 = -2*q + 6*q + 4*g + 8. What is the greatest common divisor of q and u?
1
Suppose 0 = -32*u + 60*u - 224. Suppose 3*s + 4*j = 62, -4*s + u*j = 11*j - 85. Calculate the highest common divisor of s and 550.
22
Suppose -2*q - 180 = -7*q. Suppose h + 317 = 3*o, 3*o = -479*h + 477*h + 284. What is the highest common divisor of q and o?
6
Suppose 4*y + u - 38 = 0, 4*y - 5*y - 4*u + 17 = 0. Suppose 4*q + y = -19. Let z be (-2)/q + 2/((-14)/(-635)). What is the highest common factor of z and 13?
13
Suppose -w - 775 = -6*w. Let d(o) = 20*o - 69. Suppose 3*b - 2*r = 9, 2*b + 3*r + 2*r = 25. Let p be d(b). What is the highest common factor of w and p?
31
Let v be (-207)/(-27) - 2/3. Let d = -1615 - -1804. What is the highest common divisor of v and d?
7
Suppose 2095 + 14684 = 47*y. What is the greatest common factor of y and 105?
21
Let p(q) = -11*q**2 - 8 - 5*q**3 - 9*q + 22*q**2 + 4*q**3. Let o be p(9). Let f = 77 - o. What is the greatest common factor of f and 32?
4
Suppose 300 = n - 5*u, 2*n - 190 = 5*u + 410. Suppose 60*b + n = 62*b. What is the highest common divisor of b and 200?
50
Let y(l) = 51*l**2 - 4*l + 2. Let s be y(2). Let u = s - 133. Calculate the greatest common factor of u and 26.
13
Let q(g) = 2*g**3 + 18*g**2 - 34*g - 138. Let d be q(-10). Calculate the highest common factor of 292 and d.
2
Let i(y) = -2*y - 8. Let g be i(-6). Suppose 3*v - f - g*f = 49, 4*v - 4*f - 68 = 0. Calculate the highest common factor of v and 162.
18
Suppose 0 = 3*r + 6. Let x(j) = -488*j**3 + 0 - 3 + j + 0 + 486*j**3 + 3*j**2. Let l be x(r). Calculate the greatest common factor of 115 and l.
23
Let g = 114 - 117. Let q be 2 + -7 + 21 + g + 1. Calculate the highest common factor of 91 and q.
7
Let r = -8132 + 8980. Calculate the highest common divisor of 106 and r.
106
Let u be (-27)/(-378) - (-503)/14. Calculate the highest common factor of u and 198.
18
Let s = -864 + 870. Suppose 2*u - 7 = -3*x, 4*u + u - 43 = x. What is the greatest common divisor of u and s?
2
Suppose z - 6 = -0*z. Suppose 2*o + 24 = -2*o. Let s be 4/o*(-27)/3. What is the highest common factor of z and s?
6
Suppose 32 = 2*h + 30. Let f be h/(-6 - -1) + 287/35. Let q(u) = 2*u**3 - 12*u**2 - 18. Let s be q(f). What is the highest common factor of 34 and s?
34
Let v(o) = o**3 + 29*o**2 - 107*o - 330. Let d be v(-32). What is the greatest common factor of 3740 and d?
22
Suppose 0 = -9*l + 315 + 1845. What is the highest common divisor of l and 620?
20
Let r(t) = t**2 - 11*t - 23. Let c be r(13). Suppose 165 = 65169*s - 65164*s. What is the highest common factor of s and c?
3
Let d(q) be the first derivative of 2*q**3/3 - 5*q**2/2 + 30*q + 88. Let x be d(5). Calculate the greatest common factor of x and 440.
55
Suppose -1763 = -5*f - 4*r, -41*f - 2*r - 945 + 15802 = 0. Let m(v) = 2*v**3 - 5*v**2 + 3*v + 4. Let k be m(3). Calculate the highest common divisor of f and k.
11
Let a = -7773 - -7981. Calculate the greatest common divisor of 2132 and a.
52
Let r(g) = g**3 - 18*g**2 - 26*g + 1081. Let d be r(15). Calculate the greatest common divisor of 22864 and d.
16
Let j(n) = -37*n - 67. Let i be j(-15). Let l = 491 - i. What is the greatest common factor of 23 and l?
1
Let j(t) = -113*t + 13266. Let d be j(117). Suppose 3*o - 5*l - 1932 + 297 = 0, 5*o - 4*l = 2712. Calculate the greatest common divisor of d and o.
45
Let j(d) = -d**2 + 28*d + 120. Let